g - 1552*g - 36 = 0. Let l = j + g. List the prime factors of l.
17
Let v = 44 - 29. Suppose 20*a = v*a + 30. List the prime factors of (15/a)/5 - (-594)/4.
149
Let s = -879 - -3532. List the prime factors of s.
7, 379
Let u(o) = 5*o**3 + 190*o**2 - 11*o - 47. List the prime factors of u(-36).
13309
List the prime factors of ((-3768)/9)/(2 + 1 + 585/(-189)).
2, 7, 157
Let w(y) = 245*y + 259. List the prime factors of w(93).
2, 7, 823
Let j = -27026 - -39058. What are the prime factors of j?
2, 47
Let y be -1 + -3 - -3*13766/(-3). List the prime factors of y/(-40) - 2/8.
2, 43
Let q be 6/(-5)*330/44. Let l(i) = i**3 + 7*i**2 - 15*i + 10. Let h be l(q). Let b = h - -51. What are the prime factors of b?
2, 17
Suppose o + 5 = 4*f - 2*f, 0 = 2*f + 2*o - 8. Suppose 5*g = f*r + 3, 3*g - g = -4*r - 30. List the prime factors of (2/(r/471))/(-1).
157
Suppose 0 = -4*u + 4*b - 8, 4*u + 8*b - 4*b - 24 = 0. Suppose 0 = -3*g + 17*t - 18*t + 695, 2*g - u*t = 458. What are the prime factors of g?
3, 7, 11
Let z(s) = -s**3 + 5*s**2 - 3*s + 9. Let y be z(5). Let r be 2/y + 1 + 860/(-129). List the prime factors of ((-87)/4)/(r/24).
3, 29
What are the prime factors of ((-96)/224*(-8)/6)/(2/51751)?
2, 7393
Let b = 6860 + 10225. What are the prime factors of b?
3, 5, 17, 67
Let h(l) = 21*l - 171. Let o be h(9). What are the prime factors of 1050/5 - o/(1 + 2)?
2, 3, 17
Let x(v) = 14*v - 105. Let g = 294 + -281. What are the prime factors of x(g)?
7, 11
Let j(u) = 39*u - 259. Let z be (15/6)/(95/1672). What are the prime factors of j(z)?
31, 47
Let k be ((-93)/9)/((-2)/(-210)) - 4. Let i = -229 - k. What are the prime factors of i?
2, 5, 43
Let w = -143 - -81. Let l = 62 + w. Suppose s + s - 36 = l. List the prime factors of s.
2, 3
What are the prime factors of 6/(-20) + 48/80 - 985019/(-70)?
2, 1759
List the prime factors of 302*41/4 + (-110)/(-44).
2, 1549
Suppose 11*c = 74 + 25. Suppose 3*k + 9 = c. Suppose k = 4*v - 302 - 498. List the prime factors of v.
2, 5
Suppose -3*z = 12, 4*z - z + 168 = 2*q. Let s = -108 + 268. Let u = s - q. List the prime factors of u.
2, 41
Let m(b) = 2*b + 2. Let g(v) = 1. Let y(i) = -3*g(i) - m(i). Let w(s) = 72*s - 2817. Let p be w(39). What are the prime factors of y(p)?
13
Suppose -228*z + 708032 = -136*z. List the prime factors of z.
2, 13, 37
Let n(h) = -h**3 + 16*h**2 - 2*h - 22. Let p(x) = 11*x - 56. Let k be p(6). What are the prime factors of n(k)?
2, 3, 31
Suppose -5*x + 26 = -134. Suppose -1378 = 6*g - x*g. List the prime factors of g.
53
Let r(w) = 578*w - 19. Suppose 32 = -z + 33. What are the prime factors of r(z)?
13, 43
Let w(v) = 28*v**3 + 5*v**2 - 9*v - 3. Suppose -3*n + n - 5 = -3*u, 0 = 2*n - 5*u + 11. What are the prime factors of w(n)?
223
Let o(y) = 114*y + 5*y - 20 + 24. What are the prime factors of o(2)?
2, 11
Let w be 4 - (5 + 6*(-148)/(-12)). Let o = -30 - w. What are the prime factors of o?
3, 5
Let i(n) = n**2 - 6*n + 6. Let j be i(6). Suppose 5*w - 1505 = -y, 2*y - 3003 + 4 = w. Suppose y = j*g + 9*g. What are the prime factors of g?
2, 5
Let g(t) = 56*t - 81. Let k be g(4). Suppose -2*l + 12 = w, -3*w - 3*l + 4 = -17. Suppose -w*b + k = 1. List the prime factors of b.
71
Suppose -53 = 5*v - 68. Suppose -q = -3*q + 2*r + 346, v*r = -5*q + 833. List the prime factors of q.
13
Suppose -74*z + 29*z = -695925. What are the prime factors of z?
3, 5, 1031
Suppose 3*w + 29 + 28 = 0. Let y = w + 24. Suppose -3*t + 2*s = y*s, -t = -3*s - 16. List the prime factors of t.
2
Let c(v) = -47*v**2 + 12*v - 95. Let d be c(9). Let h = -2044 - d. What are the prime factors of h?
2, 5, 7
Let i be ((-16)/6 - -2) + 10624/6. Suppose -3*z + i = 2*t + t, -t = 4*z - 2348. What are the prime factors of z?
2, 293
Let c = 13253 + -8803. List the prime factors of c.
2, 5, 89
Let r(g) = 1714*g**2 - 47*g - 47. What are the prime factors of r(-1)?
2, 857
Let q = -1203 + 597. Let m = -509 - q. What are the prime factors of m?
97
Let o = 82300 + -45669. List the prime factors of o.
7, 5233
Let t = 77 - 53. Suppose 3*q + 21 = -5*u + 56, 3*q + 5 = 5*u. Suppose 5*x + 2*k = u*k + 36, t = 2*x - 4*k. What are the prime factors of x?
2, 3
Let q(y) be the third derivative of 1/60*y**5 + 0*y + 0*y**4 - 13*y**2 - 8/3*y**3 + 0. What are the prime factors of q(-9)?
5, 13
Let a be (2*2)/((-14)/(-56)). Suppose 0 = -11*j + a*j + 2*w - 1516, 0 = -2*j + 4*w + 616. What are the prime factors of j?
2, 19
Let p be -3 + 1 + 1 - 30/(-5). Suppose 0 = p*k + 291 + 219. Let u = k - -207. List the prime factors of u.
3, 5, 7
Let c(x) = -48*x + 12405. Let j be c(0). Suppose j = 9*v + 6*v. List the prime factors of v.
827
Suppose 111*s = 113*s + 4*t - 15946, 0 = s - 3*t - 8003. What are the prime factors of s?
5, 1597
Let n(k) = k**3 + 10*k**2 - 8*k + 46. Let m be n(-11). Suppose 749 = -m*p + 5533. List the prime factors of p.
2, 23
Suppose 21*c = 12*c - 48*c + 2835408. What are the prime factors of c?
2, 3109
Suppose -3*l + 9723 = -5*b - 18073, -3*l + 3*b + 27798 = 0. List the prime factors of l.
3, 3089
Suppose -2443 + 78093 = 25*s + 7175. List the prime factors of s.
3, 11, 83
Let h(z) = 3*z**2 - 18*z + 3. Let g be h(9). What are the prime factors of (16/3 - 1)*(g + 240)?
2, 3, 13
Let g(q) = 8*q + 48. Let w be g(-6). Suppose w = r + 2*j - 173, r + 153 = 2*r - 3*j. List the prime factors of r.
3, 5, 11
List the prime factors of 410/(-2255) - 262948/(-22).
2, 3, 83
Let v = -584 + 1116. Suppose 4*f = -2*p + v, -1 = -5*f + 24. List the prime factors of p.
2
Let q(j) = 3*j**2 + 6*j + 42. Let y be q(-11). Suppose 25*u - 10039 + y = 0. List the prime factors of u.
2, 97
What are the prime factors of (10608 - (29 + -10))*1?
10589
Let h(d) = -141*d**2 - 2*d - 7. Let q(f) = 212*f**2 + 3*f + 10. Let i(r) = 7*h(r) + 5*q(r). List the prime factors of i(-1).
73
Let l(g) be the second derivative of -5*g**3 - 11*g**2/2 + 2*g - 26. List the prime factors of l(-23).
7, 97
Let r(l) = 19*l + 1771. What are the prime factors of r(-40)?
3, 337
Let j(b) = -6*b**3 - 30*b**2 + 15*b - 35. Let v(p) = -3*p**3 - 15*p**2 + 7*p - 16. Let g(u) = 2*j(u) - 5*v(u). List the prime factors of g(-5).
5, 7
Let h = 10561 - -578. What are the prime factors of h?
3, 47, 79
Suppose -7*n - 16*n + 353841 = -85183. List the prime factors of n.
2, 1193
Let d(m) = -m**3 + m. Let s(l) = -15*l**3 - 7*l - 1. Suppose -3*x + 8 = -f, 0 = 2*f - x + 2*x - 5. Let o(t) = f*s(t) + 3*d(t). List the prime factors of o(-2).
151
Let j(k) = -2*k**3 - 3*k**2 - 3*k - 5. Let t be j(-4). Let c be (3 - (-44)/(-12)) + (-592)/(-6). Let w = c + t. What are the prime factors of w?
5, 37
Let p = -39636 + 68328. List the prime factors of p.
2, 3, 797
Suppose -2*t = v - 23603, -4*v - 997*t + 992*t + 94388 = 0. What are the prime factors of v?
103, 229
Let v(a) = -5*a**2 + 27*a - 38. Let l be v(11). Let j = l + 743. List the prime factors of j.
397
Let z be 8/44 + (-1338)/(-22). Let t = -59 + z. Suppose 2*x + 67 - 252 = 5*h, 3*h = -t*x + 161. List the prime factors of x.
5, 17
Let r be (-3 - -3)/4 - -31. Let d = -28 + r. List the prime factors of (8/d)/(8/228).
2, 19
Let b(o) = 26*o - 3 + o**2 + o**2 - o**2 - 31*o. Let z be -3*159/(-54) + (-2)/(-12). What are the prime factors of b(z)?
3, 11
Suppose -26*x = -22*x + k - 56521, -3*x = -3*k - 42387. What are the prime factors of x?
2, 3, 5, 157
Suppose -3438 = -5*a - a. Let f = a + -292. What are the prime factors of f?
281
Let a(d) = d - 45. Let g be a(3). What are the prime factors of g*(6*16/(-12) + 1)?
2, 3, 7
Let g be ((-10)/4 + 3)*4. Suppose g*s = h + 20, s - 4 = -s - 3*h. Suppose -4*j - 340 = -s*j. What are the prime factors of j?
5, 17
Let l = -45 - -38. What are the prime factors of 940/3 + 12/(-126)*l?
2, 157
Suppose 4*p - 5*o = 660, 2*p + 3*p = o + 825. Suppose -5*v - 17*r = -20*r - 1405, 5*v = 4*r + 1400. Let m = v - p. What are the prime factors of m?
7, 17
Let q = 12451 - 5223. List the prime factors of q.
2, 13, 139
Suppose -4*n = 5*r - 53081, -16*r - n + 31850 = -13*r. List the prime factors of r.
3, 3539
Let i(f) = 2*f**2 - 5*f + 22. Let p = -68 - -74. Let y be i(p). Let x = y + -41. List the prime factors of x.
23
Let t(f) = -73*f**2 - f + 4. Let a be ((-8)/14)/((-24)/84). Let w be t(a). List the prime factors of 9/(-81) + w/(-18).
2
Suppose -5*z = -3*l - 573, -z +